{"id":53,"date":"2012-03-14T17:48:43","date_gmt":"2012-03-14T17:48:43","guid":{"rendered":"https:\/\/www.amicsdelamarportmao.com\/?page_id=53"},"modified":"2012-03-26T18:29:35","modified_gmt":"2012-03-26T16:29:35","slug":"robadones","status":"publish","type":"page","link":"https:\/\/www.amicsdelamarportmao.com\/es\/instalacions\/robadones\/","title":{"rendered":"Robadones"},"content":{"rendered":"<p><a href=\"https:\/\/www.amicsdelamarportmao.com\/wp-content\/uploads\/2012\/03\/\u00edndice4.jpg\"><img loading=\"lazy\" decoding=\"async\" class=\"alignleft size-full wp-image-200\" title=\"\u00edndice\" src=\"https:\/\/www.amicsdelamarportmao.com\/wp-content\/uploads\/2012\/03\/\u00edndice4.jpg\" alt=\"\" width=\"272\" height=\"185\" srcset=\"https:\/\/www.amicsdelamarportmao.com\/wp-content\/uploads\/2012\/03\/\u00edndice4.jpg 272w, https:\/\/www.amicsdelamarportmao.com\/wp-content\/uploads\/2012\/03\/\u00edndice4-250x170.jpg 250w\" sizes=\"(max-width: 272px) 100vw, 272px\" \/><\/a>Desde su constituci\u00f3n, Amics de la Mar Port-Ma\u00f3 ocupa la cantera <em>d&#8217;en Robadones<\/em>, una cantera de mar\u00e9s situada en el <em>cam\u00ed Verd<\/em>, en la divisoria de los municipios de Mah\u00f3n y es Castell.\u00a0\u00a0\u00a0\u00a0\u00a0 Aunque no tenemos documentaci\u00f3n, parece ser que se empez\u00f3 a extraer piedra a finales del siglo XVIII o principios del XIX. \u00a0\u00a0\u00a0\u00a0\u00a0\u00a0\u00a0\u00a0\u00a0\u00a0\u00a0\u00a0\u00a0\u00a0\u00a0\u00a0\u00a0\u00a0\u00a0\u00a0\u00a0\u00a0\u00a0\u00a0\u00a0 Sabemos que bien avanzado el siglo XX todav\u00eda se manten\u00eda la extracci\u00f3n.\u00a0\u00a0\u00a0\u00a0\u00a0\u00a0\u00a0\u00a0\u00a0\u00a0\u00a0\u00a0\u00a0\u00a0\u00a0\u00a0\u00a0 \u00a0 \u00a0 \u00a0 \u00a0 \u00a0 \u00a0 \u00a0 \u00a0 \u00a0 \u00a0 \u00a0 \u00a0 \u00a0 \u00a0 \u00a0 \u00a0 \u00a0 \u00a0 \u00a0 \u00a0 \u00a0\u00a0\u00a0 \u00a0 \u00a0 La parte delantera de la cantera es a cielo abierto, pero la parte posterior se excav\u00f3 bajo tierra, creando un espacio interior cubierto de unos 5000 m2, una parte del cual esta derrumbado.\u00a0\u00a0\u00a0\u00a0\u00a0\u00a0\u00a0\u00a0\u00a0\u00a0\u00a0\u00a0\u00a0\u00a0\u00a0\u00a0\u00a0 Por sus caracter\u00edsticas ambientales ha resultado ideal para la conservaci\u00f3n de embarcaciones tradicionales. \u00a0 \u00a0 \u00a0\u00a0 Consevandose un centenar de ellas, alguna de las cuales centenaria, de caracter\u00edsticas y estado de conservaci\u00f3n diversos.\u00a0 Formando todo ello uno de los conjuntos m\u00e1s completos de embarcaciones tradicionales, de madera, del Mediterr\u00e1neo occidental.<\/p>","protected":false},"excerpt":{"rendered":"<p>Desde su constituci\u00f3n, Amics de la Mar Port-Ma\u00f3 ocupa la cantera d&#8217;en Robadones, una cantera de mar\u00e9s situada en el cam\u00ed Verd, en la divisoria de los municipios de Mah\u00f3n y es Castell.\u00a0\u00a0\u00a0\u00a0\u00a0 Aunque no tenemos documentaci\u00f3n, parece ser que &hellip; <a href=\"https:\/\/www.amicsdelamarportmao.com\/es\/instalacions\/robadones\/\">Sigue leyendo <span class=\"meta-nav\">&rarr;<\/span><\/a><\/p>\n","protected":false},"author":1,"featured_media":0,"parent":38,"menu_order":0,"comment_status":"closed","ping_status":"open","template":"","meta":{"footnotes":""},"_links":{"self":[{"href":"https:\/\/www.amicsdelamarportmao.com\/es\/wp-json\/wp\/v2\/pages\/53"}],"collection":[{"href":"https:\/\/www.amicsdelamarportmao.com\/es\/wp-json\/wp\/v2\/pages"}],"about":[{"href":"https:\/\/www.amicsdelamarportmao.com\/es\/wp-json\/wp\/v2\/types\/page"}],"author":[{"embeddable":true,"href":"https:\/\/www.amicsdelamarportmao.com\/es\/wp-json\/wp\/v2\/users\/1"}],"replies":[{"embeddable":true,"href":"https:\/\/www.amicsdelamarportmao.com\/es\/wp-json\/wp\/v2\/comments?post=53"}],"version-history":[{"count":14,"href":"https:\/\/www.amicsdelamarportmao.com\/es\/wp-json\/wp\/v2\/pages\/53\/revisions"}],"predecessor-version":[{"id":428,"href":"https:\/\/www.amicsdelamarportmao.com\/es\/wp-json\/wp\/v2\/pages\/53\/revisions\/428"}],"up":[{"embeddable":true,"href":"https:\/\/www.amicsdelamarportmao.com\/es\/wp-json\/wp\/v2\/pages\/38"}],"wp:attachment":[{"href":"https:\/\/www.amicsdelamarportmao.com\/es\/wp-json\/wp\/v2\/media?parent=53"}],"curies":[{"name":"wp","href":"https:\/\/api.w.org\/{rel}","templated":true}]}}

<p><a href="https://www.amicsdelamarportmao.com/wp-content/uploads/2012/03/índice4.jpg"><img loading="lazy" decoding="async" class="alignleft size-full wp-image-200" title="índice" src="https://www.amicsdelamarportmao.com/wp-content/uploads/2012/03/índice4.jpg" alt="" width="272" height="185" srcset="https://www.amicsdelamarportmao.com/wp-content/uploads/2012/03/índice4.jpg 272w, https://www.amicsdelamarportmao.com/wp-content/uploads/2012/03/índice4-250x170.jpg 250w" sizes="(max-width: 272px) 100vw, 272px" /></a>Desde su constitución, Amics de la Mar Port-Maó ocupa la cantera <em>d&#8217;en Robadones</em>, una cantera de marés situada en el <em>camí Verd</em>, en la divisoria de los municipios de Mahón y es Castell.      Aunque no tenemos documentación, parece ser que se empezó a extraer piedra a finales del siglo XVIII o principios del XIX.                           Sabemos que bien avanzado el siglo XX todavía se mantenía la extracción.                                                                  La parte delantera de la cantera es a cielo abierto, pero la parte posterior se excavó bajo tierra, creando un espacio interior cubierto de unos 5000 m2, una parte del cual esta derrumbado.                  Por sus características ambientales ha resultado ideal para la conservación de embarcaciones tradicionales.        Consevandose un centenar de ellas, alguna de las cuales centenaria, de características y estado de conservación diversos.  Formando todo ello uno de los conjuntos más completos de embarcaciones tradicionales, de madera, del Mediterráneo occidental.</p>

<p>Desde su constitución, Amics de la Mar Port-Maó ocupa la cantera d&#8217;en Robadones, una cantera de marés situada en el camí Verd, en la divisoria de los municipios de Mahón y es Castell.      Aunque no tenemos documentación, parece ser que &hellip; <a href="https://www.amicsdelamarportmao.com/es/instalacions/robadones/">Sigue leyendo <span class="meta-nav">&rarr;</span></a></p>
